{"id":2414,"date":"2018-03-13T14:39:34","date_gmt":"2018-03-13T17:39:34","guid":{"rendered":"http:\/\/www.fototallermg.com.ar\/?page_id=2414"},"modified":"2019-08-13T09:28:31","modified_gmt":"2019-08-13T12:28:31","slug":"practica-fotografica","status":"publish","type":"page","link":"https:\/\/www.fototallermg.com.ar\/?page_id=2414","title":{"rendered":"Pr\u00e1ctica Fotogr\u00e1fica"},"content":{"rendered":"<p><span style=\"font-weight: 400;\">El objetivo del taller es el continuo contacto del participante con la fotograf\u00eda a trav\u00e9s de la realizaci\u00f3n de diferentes trabajos pr\u00e1cticos, ya sean individuales como grupales, propuestos por el docente o por el mismo grupo de alumnos. Los trabajos pueden abarcar \u00a0diferentes g\u00e9neros fotogr\u00e1ficos e intenta incentivar la creatividad mediante el an\u00e1lisis de trabajos propios o de diferentes autores.<\/span><\/p>\n<p><span style=\"font-weight: 400;\">Como parte del taller los trabajos son expuestos en distintos formatos para darle valor a lo realizado durante el a\u00f1o.<\/span><\/p>\n<p><span style=\"font-weight: 400;\">El taller tiene una carga horaria de dos horas semanales y como en los otros talleres se realizan salidas practicas.<\/span><\/p>\n<p><strong>Duraci\u00f3n:<\/strong>\u00a0Marzo a Diciembre<br \/>\n<strong>Carga horaria:<\/strong>\u00a0Una vez por semana \u2013 2 horas<br \/>\n<strong>Valor:<\/strong> Consultar a <a href=\"mailto:hola@fototallermg.com.ar\">hola@fototallermg.com.ar<\/a><br \/>\n<strong>Inscripci\u00b4\u00f3n:<\/strong>\u00a0Sin inscripci\u00f3n previa<br \/>\n<strong>Requisitos:<\/strong>\u00a0Haber realizado alg\u00fan taller avanzado de fotograf\u00eda.<\/p>\n<p><span style=\"font-weight: 400;\">El taller es dictado por <strong>Leandro Mac Garva.<\/strong><\/span><\/p>\n<p><span style=\"font-weight: 400;\">Es un experimentado fot\u00f3grafo que desde 1998 se desempe\u00f1o en distintos \u00e1mbitos. En sus comienzos estudi\u00f3 fotograf\u00eda con Augusto Arturi, tambi\u00e9n realiz\u00f3 cursos de fotoperiodismo en la Universidad de Lomas de Zamora, fotograf\u00eda publicitaria en el Instituto Superior de Arte Fotogr\u00e1fico y particip\u00f3 de los talleres de ensayo fotogr\u00e1fico de Tony Valdez.<\/span><\/p>\n<p><span style=\"font-weight: 400;\">Ha publicado su trabajo en diversos medios a lo largo de su carrera, entre los que se destacan Clar\u00edn, Pagina 12, Ol\u00e9, Cronista Comercial, Diario La Tercera y las revistas Metro y Nuevos Pueblos.<\/span><\/p>\n<p><span style=\"font-weight: 400;\">Desde el a\u00f1o 2013 es miembro activo de ARGRA, Asociaci\u00f3n de Reporteros Gr\u00e1ficos de la Rep\u00fablica Argentina, lo cual le permite seguir creciendo en su vocaci\u00f3n de reportero, aunque tambi\u00e9n ha participado de exposiciones individuales y colectivas en el Centro Cultural El Tel\u00e9grafo y la Municipalidad de Esteban Echeverr\u00eda.<\/span><\/p>\n<p><span style=\"font-weight: 400;\">Hoy es uno de los Coordinadores de Fototaller Monte Grande desde 2010 y sigue realizando\u00a0su tarea de reportero gr\u00e1fico.<\/span><\/p>\n<p>&nbsp;<\/p>\n<div id='gallery-1' class='gallery galleryid-2414 gallery-columns-3 gallery-size-thumbnail'><figure class='gallery-item'>\n\t\t\t<div class='gallery-icon landscape'>\n\t\t\t\t<a href='https:\/\/www.fototallermg.com.ar\/?attachment_id=2394'><img loading=\"lazy\" decoding=\"async\" width=\"150\" height=\"150\" src=\"https:\/\/www.fototallermg.com.ar\/wp-content\/uploads\/2015\/01\/Liliana-Coronel2-150x150.jpg\" class=\"attachment-thumbnail size-thumbnail\" alt=\"\" srcset=\"https:\/\/www.fototallermg.com.ar\/wp-content\/uploads\/2015\/01\/Liliana-Coronel2-150x150.jpg 150w, https:\/\/www.fototallermg.com.ar\/wp-content\/uploads\/2015\/01\/Liliana-Coronel2-300x300.jpg 300w, https:\/\/www.fototallermg.com.ar\/wp-content\/uploads\/2015\/01\/Liliana-Coronel2-100x100.jpg 100w, https:\/\/www.fototallermg.com.ar\/wp-content\/uploads\/2015\/01\/Liliana-Coronel2-260x260.jpg 260w, https:\/\/www.fototallermg.com.ar\/wp-content\/uploads\/2015\/01\/Liliana-Coronel2-200x200.jpg 200w\" sizes=\"auto, (max-width: 150px) 100vw, 150px\" \/><\/a>\n\t\t\t<\/div><\/figure><figure class='gallery-item'>\n\t\t\t<div class='gallery-icon landscape'>\n\t\t\t\t<a href='https:\/\/www.fototallermg.com.ar\/?attachment_id=2332'><img loading=\"lazy\" decoding=\"async\" width=\"150\" height=\"100\" src=\"https:\/\/www.fototallermg.com.ar\/wp-content\/uploads\/2017\/12\/Pablo-Beron2-3.jpg\" class=\"attachment-thumbnail size-thumbnail\" alt=\"\" srcset=\"https:\/\/www.fototallermg.com.ar\/wp-content\/uploads\/2017\/12\/Pablo-Beron2-3.jpg 5315w, https:\/\/www.fototallermg.com.ar\/wp-content\/uploads\/2017\/12\/Pablo-Beron2-3-600x400.jpg 600w\" sizes=\"auto, (max-width: 150px) 100vw, 150px\" \/><\/a>\n\t\t\t<\/div><\/figure><figure class='gallery-item'>\n\t\t\t<div class='gallery-icon landscape'>\n\t\t\t\t<a href='https:\/\/www.fototallermg.com.ar\/?attachment_id=2290'><img loading=\"lazy\" decoding=\"async\" width=\"150\" height=\"150\" src=\"https:\/\/www.fototallermg.com.ar\/wp-content\/uploads\/2017\/12\/Ingrid-Bachmann2-3-150x150.jpg\" class=\"attachment-thumbnail size-thumbnail\" alt=\"\" srcset=\"https:\/\/www.fototallermg.com.ar\/wp-content\/uploads\/2017\/12\/Ingrid-Bachmann2-3-150x150.jpg 150w, https:\/\/www.fototallermg.com.ar\/wp-content\/uploads\/2017\/12\/Ingrid-Bachmann2-3-300x300.jpg 300w, https:\/\/www.fototallermg.com.ar\/wp-content\/uploads\/2017\/12\/Ingrid-Bachmann2-3-100x100.jpg 100w, https:\/\/www.fototallermg.com.ar\/wp-content\/uploads\/2017\/12\/Ingrid-Bachmann2-3-260x260.jpg 260w, https:\/\/www.fototallermg.com.ar\/wp-content\/uploads\/2017\/12\/Ingrid-Bachmann2-3-200x200.jpg 200w\" sizes=\"auto, (max-width: 150px) 100vw, 150px\" \/><\/a>\n\t\t\t<\/div><\/figure><figure class='gallery-item'>\n\t\t\t<div class='gallery-icon landscape'>\n\t\t\t\t<a href='https:\/\/www.fototallermg.com.ar\/?attachment_id=2270'><img loading=\"lazy\" decoding=\"async\" width=\"150\" height=\"100\" src=\"https:\/\/www.fototallermg.com.ar\/wp-content\/uploads\/2017\/12\/Claudia-Perez-Turk2-3.jpg\" class=\"attachment-thumbnail size-thumbnail\" alt=\"\" srcset=\"https:\/\/www.fototallermg.com.ar\/wp-content\/uploads\/2017\/12\/Claudia-Perez-Turk2-3.jpg 5315w, https:\/\/www.fototallermg.com.ar\/wp-content\/uploads\/2017\/12\/Claudia-Perez-Turk2-3-600x400.jpg 600w\" sizes=\"auto, (max-width: 150px) 100vw, 150px\" \/><\/a>\n\t\t\t<\/div><\/figure><figure class='gallery-item'>\n\t\t\t<div class='gallery-icon landscape'>\n\t\t\t\t<a href='https:\/\/www.fototallermg.com.ar\/?attachment_id=2244'><img loading=\"lazy\" decoding=\"async\" width=\"150\" height=\"100\" src=\"https:\/\/www.fototallermg.com.ar\/wp-content\/uploads\/2017\/12\/Yamila-Somer2-3.jpg\" class=\"attachment-thumbnail size-thumbnail\" alt=\"\" srcset=\"https:\/\/www.fototallermg.com.ar\/wp-content\/uploads\/2017\/12\/Yamila-Somer2-3.jpg 5315w, https:\/\/www.fototallermg.com.ar\/wp-content\/uploads\/2017\/12\/Yamila-Somer2-3-600x400.jpg 600w\" sizes=\"auto, (max-width: 150px) 100vw, 150px\" \/><\/a>\n\t\t\t<\/div><\/figure><figure class='gallery-item'>\n\t\t\t<div class='gallery-icon landscape'>\n\t\t\t\t<a href='https:\/\/www.fototallermg.com.ar\/?attachment_id=2191'><img loading=\"lazy\" decoding=\"async\" width=\"150\" height=\"150\" src=\"https:\/\/www.fototallermg.com.ar\/wp-content\/uploads\/2017\/12\/Florencia-Escobar2-2-150x150.jpg\" class=\"attachment-thumbnail size-thumbnail\" alt=\"\" srcset=\"https:\/\/www.fototallermg.com.ar\/wp-content\/uploads\/2017\/12\/Florencia-Escobar2-2-150x150.jpg 150w, https:\/\/www.fototallermg.com.ar\/wp-content\/uploads\/2017\/12\/Florencia-Escobar2-2-260x260.jpg 260w, https:\/\/www.fototallermg.com.ar\/wp-content\/uploads\/2017\/12\/Florencia-Escobar2-2-200x200.jpg 200w\" sizes=\"auto, (max-width: 150px) 100vw, 150px\" \/><\/a>\n\t\t\t<\/div><\/figure>\n\t\t<\/div>\n\n<p>&nbsp;<\/p>\n<p>&nbsp;<\/p>\n","protected":false},"excerpt":{"rendered":"<p>El objetivo del taller es el continuo contacto del participante con la fotograf\u00eda a trav\u00e9s de la realizaci\u00f3n de diferentes trabajos pr\u00e1cticos, ya sean individuales como grupales, propuestos por el docente o por el mismo grupo de alumnos. Los trabajos pueden abarcar \u00a0diferentes g\u00e9neros fotogr\u00e1ficos e intenta incentivar la creatividad mediante el an\u00e1lisis de trabajos [&hellip;]<\/p>\n","protected":false},"author":1,"featured_media":2299,"parent":0,"menu_order":0,"comment_status":"closed","ping_status":"closed","template":"","meta":{"_joinchat":[],"footnotes":""},"class_list":["post-2414","page","type-page","status-publish","has-post-thumbnail","hentry"],"_links":{"self":[{"href":"https:\/\/www.fototallermg.com.ar\/index.php?rest_route=\/wp\/v2\/pages\/2414","targetHints":{"allow":["GET"]}}],"collection":[{"href":"https:\/\/www.fototallermg.com.ar\/index.php?rest_route=\/wp\/v2\/pages"}],"about":[{"href":"https:\/\/www.fototallermg.com.ar\/index.php?rest_route=\/wp\/v2\/types\/page"}],"author":[{"embeddable":true,"href":"https:\/\/www.fototallermg.com.ar\/index.php?rest_route=\/wp\/v2\/users\/1"}],"replies":[{"embeddable":true,"href":"https:\/\/www.fototallermg.com.ar\/index.php?rest_route=%2Fwp%2Fv2%2Fcomments&post=2414"}],"version-history":[{"count":6,"href":"https:\/\/www.fototallermg.com.ar\/index.php?rest_route=\/wp\/v2\/pages\/2414\/revisions"}],"predecessor-version":[{"id":3272,"href":"https:\/\/www.fototallermg.com.ar\/index.php?rest_route=\/wp\/v2\/pages\/2414\/revisions\/3272"}],"wp:featuredmedia":[{"embeddable":true,"href":"https:\/\/www.fototallermg.com.ar\/index.php?rest_route=\/wp\/v2\/media\/2299"}],"wp:attachment":[{"href":"https:\/\/www.fototallermg.com.ar\/index.php?rest_route=%2Fwp%2Fv2%2Fmedia&parent=2414"}],"curies":[{"name":"wp","href":"https:\/\/api.w.org\/{rel}","templated":true}]}}