{"id":2422,"date":"2018-03-13T14:39:35","date_gmt":"2018-03-13T17:39:35","guid":{"rendered":"http:\/\/www.fototallermg.com.ar\/?page_id=2422"},"modified":"2021-01-27T10:57:50","modified_gmt":"2021-01-27T13:57:50","slug":"fotografia-analogica","status":"publish","type":"page","link":"https:\/\/www.fototallermg.com.ar\/?page_id=2422","title":{"rendered":"Fotograf\u00eda Anal\u00f3gica"},"content":{"rendered":"<p><strong>Dictado por: <\/strong>Leandro Mac Garva<strong><br \/>\n<\/strong><strong>Duraci\u00f3n:<\/strong>\u00a08 encuentros<br \/>\n<strong>Carga horaria:<\/strong>\u00a0Una vez por semana \u2013 3 horas<br \/>\n<strong>Valor: <\/strong>Consultar a <a href=\"mailto:hola@fototallermg.com.ar\">hola@fototallermg.com.ar<\/a><br \/>\n<strong>Inscripci\u00f3n:<\/strong>\u00a0Sin costo de inscripci\u00f3n<br \/>\n<strong>Requisitos:<\/strong>\u00a0Tener cualquier c\u00e1mara anal\u00f3gica.<\/p>\n<p><span style=\"font-weight: 400;\">En el taller de fotograf\u00eda anal\u00f3gica exploramos las posibilidades que nos brinda esta t\u00e9cnica. Reflexionamos sobre el acto fotogr\u00e1fico, los tiempos de toma, la imagen latente, el revelado y la importancia del copiado.<\/span><\/p>\n<p><span style=\"font-weight: 400;\">En la parte pr\u00e1ctica hacemos fotograf\u00edas en blanco y negro, las cuales revelamos y copiamos manualmente en el laboratorio anal\u00f3gico propio.<\/span><\/p>\n<p><b>Teor\u00eda<\/b><span style=\"font-weight: 400;\">:<\/span><\/p>\n<ul>\n<li><span style=\"font-weight: 400;\">el acto fotogr\u00e1fico.<\/span><\/li>\n<li><span style=\"font-weight: 400;\">los tiempos de la fotograf\u00eda anal\u00f3gica y su influencia en la toma.<\/span><\/li>\n<li><span style=\"font-weight: 400;\">los costos y beneficios en la toma.<\/span><\/li>\n<li><span style=\"font-weight: 400;\">la filosof\u00eda del negativo y su uso.<\/span><\/li>\n<\/ul>\n<p><b>Pr\u00e1ctica:<\/b><\/p>\n<ul>\n<li><span style=\"font-weight: 400;\">la pel\u00edcula y su uso.<\/span><\/li>\n<li><span style=\"font-weight: 400;\">funcionamento b\u00e1sico de las diversas c\u00e1maras anal\u00f3gicas de los asistentes.<\/span><\/li>\n<li><span style=\"font-weight: 400;\">elementos de un laboratorio<\/span><\/li>\n<li><span style=\"font-weight: 400;\">armado de laboratorio. parte h\u00fameda parte seca.<\/span><\/li>\n<li><span style=\"font-weight: 400;\">revelado de los rollo.<\/span><\/li>\n<li><span style=\"font-weight: 400;\">los papeles para hacer copias.<\/span><\/li>\n<li><span style=\"font-weight: 400;\">el uso del laboratorio.<\/span><\/li>\n<li><span style=\"font-weight: 400;\">tiras de prueba, hojas de contacto.<\/span><\/li>\n<li><span style=\"font-weight: 400;\">t\u00e9cnicas de copiado.<\/span><\/li>\n<li><span style=\"font-weight: 400;\"><span style=\"font-weight: 400;\">apantallados, m\u00e1scaras marginados.<\/span><\/span><div id='gallery-1' class='gallery galleryid-2422 gallery-columns-3 gallery-size-thumbnail'><figure class='gallery-item'>\n\t\t\t<div class='gallery-icon landscape'>\n\t\t\t\t<a href='https:\/\/www.fototallermg.com.ar\/?attachment_id=2857'><img loading=\"lazy\" decoding=\"async\" width=\"150\" height=\"150\" src=\"https:\/\/www.fototallermg.com.ar\/wp-content\/uploads\/2018\/03\/2LA-LUZ-ROJA-DEL-CUARTO-OSCURO-460x249-150x150.jpg\" class=\"attachment-thumbnail size-thumbnail\" alt=\"\" srcset=\"https:\/\/www.fototallermg.com.ar\/wp-content\/uploads\/2018\/03\/2LA-LUZ-ROJA-DEL-CUARTO-OSCURO-460x249-150x150.jpg 150w, https:\/\/www.fototallermg.com.ar\/wp-content\/uploads\/2018\/03\/2LA-LUZ-ROJA-DEL-CUARTO-OSCURO-460x249-50x50.jpg 50w\" sizes=\"auto, (max-width: 150px) 100vw, 150px\" \/><\/a>\n\t\t\t<\/div><\/figure><figure class='gallery-item'>\n\t\t\t<div class='gallery-icon landscape'>\n\t\t\t\t<a href='https:\/\/www.fototallermg.com.ar\/?attachment_id=2858'><img loading=\"lazy\" decoding=\"async\" width=\"150\" height=\"150\" src=\"https:\/\/www.fototallermg.com.ar\/wp-content\/uploads\/2018\/03\/DSC_6031-150x150.jpg\" class=\"attachment-thumbnail size-thumbnail\" alt=\"\" srcset=\"https:\/\/www.fototallermg.com.ar\/wp-content\/uploads\/2018\/03\/DSC_6031-150x150.jpg 150w, https:\/\/www.fototallermg.com.ar\/wp-content\/uploads\/2018\/03\/DSC_6031-50x50.jpg 50w\" sizes=\"auto, (max-width: 150px) 100vw, 150px\" \/><\/a>\n\t\t\t<\/div><\/figure><figure class='gallery-item'>\n\t\t\t<div class='gallery-icon landscape'>\n\t\t\t\t<a href='https:\/\/www.fototallermg.com.ar\/?attachment_id=2859'><img loading=\"lazy\" decoding=\"async\" width=\"150\" height=\"150\" src=\"https:\/\/www.fototallermg.com.ar\/wp-content\/uploads\/2018\/03\/hqdefault-150x150.jpg\" class=\"attachment-thumbnail size-thumbnail\" alt=\"\" srcset=\"https:\/\/www.fototallermg.com.ar\/wp-content\/uploads\/2018\/03\/hqdefault-150x150.jpg 150w, https:\/\/www.fototallermg.com.ar\/wp-content\/uploads\/2018\/03\/hqdefault-50x50.jpg 50w\" sizes=\"auto, (max-width: 150px) 100vw, 150px\" \/><\/a>\n\t\t\t<\/div><\/figure>\n\t\t<\/div>\n<\/li>\n<\/ul>\n","protected":false},"excerpt":{"rendered":"<p>Dictado por: Leandro Mac Garva Duraci\u00f3n:\u00a08 encuentros Carga horaria:\u00a0Una vez por semana \u2013 3 horas Valor: Consultar a hola@fototallermg.com.ar Inscripci\u00f3n:\u00a0Sin costo de inscripci\u00f3n Requisitos:\u00a0Tener cualquier c\u00e1mara anal\u00f3gica. En el taller de fotograf\u00eda anal\u00f3gica exploramos las posibilidades que nos brinda esta t\u00e9cnica. Reflexionamos sobre el acto fotogr\u00e1fico, los tiempos de toma, la imagen latente, el revelado [&hellip;]<\/p>\n","protected":false},"author":1,"featured_media":2860,"parent":0,"menu_order":0,"comment_status":"closed","ping_status":"closed","template":"","meta":{"_joinchat":[],"footnotes":""},"class_list":["post-2422","page","type-page","status-publish","has-post-thumbnail","hentry"],"_links":{"self":[{"href":"https:\/\/www.fototallermg.com.ar\/index.php?rest_route=\/wp\/v2\/pages\/2422","targetHints":{"allow":["GET"]}}],"collection":[{"href":"https:\/\/www.fototallermg.com.ar\/index.php?rest_route=\/wp\/v2\/pages"}],"about":[{"href":"https:\/\/www.fototallermg.com.ar\/index.php?rest_route=\/wp\/v2\/types\/page"}],"author":[{"embeddable":true,"href":"https:\/\/www.fototallermg.com.ar\/index.php?rest_route=\/wp\/v2\/users\/1"}],"replies":[{"embeddable":true,"href":"https:\/\/www.fototallermg.com.ar\/index.php?rest_route=%2Fwp%2Fv2%2Fcomments&post=2422"}],"version-history":[{"count":7,"href":"https:\/\/www.fototallermg.com.ar\/index.php?rest_route=\/wp\/v2\/pages\/2422\/revisions"}],"predecessor-version":[{"id":3461,"href":"https:\/\/www.fototallermg.com.ar\/index.php?rest_route=\/wp\/v2\/pages\/2422\/revisions\/3461"}],"wp:featuredmedia":[{"embeddable":true,"href":"https:\/\/www.fototallermg.com.ar\/index.php?rest_route=\/wp\/v2\/media\/2860"}],"wp:attachment":[{"href":"https:\/\/www.fototallermg.com.ar\/index.php?rest_route=%2Fwp%2Fv2%2Fmedia&parent=2422"}],"curies":[{"name":"wp","href":"https:\/\/api.w.org\/{rel}","templated":true}]}}